[INFO] cloning repository https://github.com/Summer-of-Rust/sor-lab-3-eriicali
[INFO] running `Command { std: "git" "-c" "credential.helper=" "-c" "credential.helper=/workspace/cargo-home/bin/git-credential-null" "clone" "--bare" "https://github.com/Summer-of-Rust/sor-lab-3-eriicali" "/workspace/cache/git-repos/https%3A%2F%2Fgithub.com%2FSummer-of-Rust%2Fsor-lab-3-eriicali", kill_on_drop: false }`
[INFO] [stderr] Cloning into bare repository '/workspace/cache/git-repos/https%3A%2F%2Fgithub.com%2FSummer-of-Rust%2Fsor-lab-3-eriicali'...
[INFO] running `Command { std: "git" "rev-parse" "HEAD", kill_on_drop: false }`
[INFO] [stdout] 5888b77ab05afc98960011f7e24366fd54d31c35
[INFO] checking Summer-of-Rust/sor-lab-3-eriicali against master#e6e4f7ed1589e03bc2f6c5931c1a72e7947e8682 for beta-170-4
[INFO] running `Command { std: "git" "clone" "/workspace/cache/git-repos/https%3A%2F%2Fgithub.com%2FSummer-of-Rust%2Fsor-lab-3-eriicali" "/workspace/builds/worker-4-tc2/source", kill_on_drop: false }`
[INFO] [stderr] Cloning into '/workspace/builds/worker-4-tc2/source'...
[INFO] [stderr] done.
[INFO] validating manifest of git repo https://github.com/Summer-of-Rust/sor-lab-3-eriicali on toolchain e6e4f7ed1589e03bc2f6c5931c1a72e7947e8682
[INFO] running `Command { std: CARGO_HOME="/workspace/cargo-home" RUSTUP_HOME="/workspace/rustup-home" "/workspace/cargo-home/bin/cargo" "+e6e4f7ed1589e03bc2f6c5931c1a72e7947e8682" "metadata" "--manifest-path" "Cargo.toml" "--no-deps", kill_on_drop: false }`
[INFO] started tweaking git repo https://github.com/Summer-of-Rust/sor-lab-3-eriicali
[INFO] finished tweaking git repo https://github.com/Summer-of-Rust/sor-lab-3-eriicali
[INFO] tweaked toml for git repo https://github.com/Summer-of-Rust/sor-lab-3-eriicali written to /workspace/builds/worker-4-tc2/source/Cargo.toml
[INFO] crate git repo https://github.com/Summer-of-Rust/sor-lab-3-eriicali already has a lockfile, it will not be regenerated
[INFO] running `Command { std: CARGO_HOME="/workspace/cargo-home" RUSTUP_HOME="/workspace/rustup-home" "/workspace/cargo-home/bin/cargo" "+e6e4f7ed1589e03bc2f6c5931c1a72e7947e8682" "fetch" "--manifest-path" "Cargo.toml", kill_on_drop: false }`
[INFO] running `Command { std: "docker" "create" "-v" "/var/lib/crater-agent-workspace/builds/worker-4-tc2/target:/opt/rustwide/target:rw,Z" "-v" "/var/lib/crater-agent-workspace/builds/worker-4-tc2/source:/opt/rustwide/workdir:ro,Z" "-v" "/var/lib/crater-agent-workspace/cargo-home:/opt/rustwide/cargo-home:ro,Z" "-v" "/var/lib/crater-agent-workspace/rustup-home:/opt/rustwide/rustup-home:ro,Z" "-e" "SOURCE_DIR=/opt/rustwide/workdir" "-e" "CARGO_TARGET_DIR=/opt/rustwide/target" "-e" "CARGO_HOME=/opt/rustwide/cargo-home" "-e" "RUSTUP_HOME=/opt/rustwide/rustup-home" "-w" "/opt/rustwide/workdir" "-m" "1610612736" "--user" "0:0" "--network" "none" "ghcr.io/rust-lang/crates-build-env/linux@sha256:19e73879b68f455e41552ea35293514db52ea292d993f571636dbffedb77a1ee" "/opt/rustwide/cargo-home/bin/cargo" "+e6e4f7ed1589e03bc2f6c5931c1a72e7947e8682" "metadata" "--no-deps" "--format-version=1", kill_on_drop: false }`
[INFO] [stdout] 48bf37ae1defd147e8df24a13ccef9a5be44902a3452be487dfc54d1b9c471bd
[INFO] running `Command { std: "docker" "start" "-a" "48bf37ae1defd147e8df24a13ccef9a5be44902a3452be487dfc54d1b9c471bd", kill_on_drop: false }`
[INFO] running `Command { std: "docker" "inspect" "48bf37ae1defd147e8df24a13ccef9a5be44902a3452be487dfc54d1b9c471bd", kill_on_drop: false }`
[INFO] running `Command { std: "docker" "rm" "-f" "48bf37ae1defd147e8df24a13ccef9a5be44902a3452be487dfc54d1b9c471bd", kill_on_drop: false }`
[INFO] [stdout] 48bf37ae1defd147e8df24a13ccef9a5be44902a3452be487dfc54d1b9c471bd
[INFO] running `Command { std: "docker" "create" "-v" "/var/lib/crater-agent-workspace/builds/worker-4-tc2/target:/opt/rustwide/target:rw,Z" "-v" "/var/lib/crater-agent-workspace/builds/worker-4-tc2/source:/opt/rustwide/workdir:ro,Z" "-v" "/var/lib/crater-agent-workspace/cargo-home:/opt/rustwide/cargo-home:ro,Z" "-v" "/var/lib/crater-agent-workspace/rustup-home:/opt/rustwide/rustup-home:ro,Z" "-e" "SOURCE_DIR=/opt/rustwide/workdir" "-e" "CARGO_TARGET_DIR=/opt/rustwide/target" "-e" "CARGO_INCREMENTAL=0" "-e" "RUST_BACKTRACE=full" "-e" "RUSTFLAGS=--cap-lints=forbid" "-e" "RUSTDOCFLAGS=--cap-lints=forbid" "-e" "CARGO_HOME=/opt/rustwide/cargo-home" "-e" "RUSTUP_HOME=/opt/rustwide/rustup-home" "-w" "/opt/rustwide/workdir" "-m" "1610612736" "--user" "0:0" "--network" "none" "ghcr.io/rust-lang/crates-build-env/linux@sha256:19e73879b68f455e41552ea35293514db52ea292d993f571636dbffedb77a1ee" "/opt/rustwide/cargo-home/bin/cargo" "+e6e4f7ed1589e03bc2f6c5931c1a72e7947e8682" "check" "--frozen" "--all" "--all-targets" "--message-format=json", kill_on_drop: false }`
[INFO] [stdout] 0b9bd364e104618ff832c03b29585077a4b85de8219a523c1ea1e0dc44b19c9f
[INFO] running `Command { std: "docker" "start" "-a" "0b9bd364e104618ff832c03b29585077a4b85de8219a523c1ea1e0dc44b19c9f", kill_on_drop: false }`
[INFO] [stderr]     Checking sor-lab-2 v0.1.0 (/opt/rustwide/workdir)
[INFO] [stdout] error[E0425]: cannot find value `comic_book_shoppe` in this scope
[INFO] [stdout]   --> src/main.rs:45:9
[INFO] [stdout]    |
[INFO] [stdout] 45 |         comic_book_shoppe.most_expensive()
[INFO] [stdout]    |         ^^^^^^^^^^^^^^^^^ not found in this scope
[INFO] [stdout] 
[INFO] [stdout] 
[INFO] [stdout] error[E0425]: cannot find value `comic_book_shoppe` in this scope
[INFO] [stdout]   --> src/main.rs:55:9
[INFO] [stdout]    |
[INFO] [stdout] 55 |         comic_book_shoppe.total_damage()
[INFO] [stdout]    |         ^^^^^^^^^^^^^^^^^ not found in this scope
[INFO] [stdout] 
[INFO] [stdout] 
[INFO] [stdout] error[E0425]: cannot find value `comic_book_shoppe` in this scope
[INFO] [stdout]   --> src/main.rs:45:9
[INFO] [stdout]    |
[INFO] [stdout] 45 |         comic_book_shoppe.most_expensive()
[INFO] [stdout]    |         ^^^^^^^^^^^^^^^^^ not found in this scope
[INFO] [stdout] 
[INFO] [stdout] 
[INFO] [stdout] error[E0425]: cannot find value `comic_book_shoppe` in this scope
[INFO] [stdout]   --> src/main.rs:59:9
[INFO] [stdout]    |
[INFO] [stdout] 59 |         comic_book_shoppe.total_health()
[INFO] [stdout]    |         ^^^^^^^^^^^^^^^^^ not found in this scope
[INFO] [stdout] 
[INFO] [stdout] 
[INFO] [stdout] error[E0425]: cannot find value `comic_book_shoppe` in this scope
[INFO] [stdout]   --> src/main.rs:55:9
[INFO] [stdout]    |
[INFO] [stdout] 55 |         comic_book_shoppe.total_damage()
[INFO] [stdout]    |         ^^^^^^^^^^^^^^^^^ not found in this scope
[INFO] [stdout] 
[INFO] [stdout] 
[INFO] [stdout] error[E0425]: cannot find value `comic_book_shoppe` in this scope
[INFO] [stdout]   --> src/main.rs:59:9
[INFO] [stdout]    |
[INFO] [stdout] 59 |         comic_book_shoppe.total_health()
[INFO] [stdout]    |         ^^^^^^^^^^^^^^^^^ not found in this scope
[INFO] [stdout] 
[INFO] [stdout] 
[INFO] [stdout] error: aborting due to 3 previous errors
[INFO] [stdout] 
[INFO] [stdout] 
[INFO] [stdout] For more information about this error, try `rustc --explain E0425`.
[INFO] [stdout] 
[INFO] [stderr] error: could not compile `sor-lab-2` (bin "sor-lab-2") due to 4 previous errors
[INFO] [stderr] warning: build failed, waiting for other jobs to finish...
[INFO] [stdout] error[E0560]: struct `Card` has no field named `price`
[INFO] [stdout]    --> src/main.rs:104:13
[INFO] [stdout]     |
[INFO] [stdout] 104 |             price: 10,
[INFO] [stdout]     |             ^^^^^ `Card` does not have this field
[INFO] [stdout] 
[INFO] [stdout] 
[INFO] [stdout] error[E0560]: struct `Card` has no field named `health`
[INFO] [stdout]    --> src/main.rs:105:13
[INFO] [stdout]     |
[INFO] [stdout] 105 |             health: 10,
[INFO] [stdout]     |             ^^^^^^ `Card` does not have this field
[INFO] [stdout] 
[INFO] [stdout] 
[INFO] [stdout] error[E0560]: struct `Card` has no field named `damage`
[INFO] [stdout]    --> src/main.rs:106:13
[INFO] [stdout]     |
[INFO] [stdout] 106 |             damage: 10,
[INFO] [stdout]     |             ^^^^^^ `Card` does not have this field
[INFO] [stdout] 
[INFO] [stdout] 
[INFO] [stdout] error[E0609]: no field `price` on type `Card`
[INFO] [stdout]    --> src/main.rs:108:25
[INFO] [stdout]     |
[INFO] [stdout] 108 |         assert_eq!(card.price, 10);
[INFO] [stdout]     |                         ^^^^^ unknown field
[INFO] [stdout] 
[INFO] [stdout] 
[INFO] [stdout] error[E0560]: struct `Shop` has no field named `cards`
[INFO] [stdout]    --> src/main.rs:114:13
[INFO] [stdout]     |
[INFO] [stdout] 114 |             cards: [
[INFO] [stdout]     |             ^^^^^ `Shop` does not have this field
[INFO] [stdout] 
[INFO] [stdout] 
[INFO] [stdout] error[E0560]: struct `Card` has no field named `price`
[INFO] [stdout]    --> src/main.rs:116:21
[INFO] [stdout]     |
[INFO] [stdout] 116 |                     price: 10,
[INFO] [stdout]     |                     ^^^^^ `Card` does not have this field
[INFO] [stdout] 
[INFO] [stdout] 
[INFO] [stdout] error[E0560]: struct `Card` has no field named `health`
[INFO] [stdout]    --> src/main.rs:117:21
[INFO] [stdout]     |
[INFO] [stdout] 117 |                     health: 10,
[INFO] [stdout]     |                     ^^^^^^ `Card` does not have this field
[INFO] [stdout] 
[INFO] [stdout] 
[INFO] [stdout] error[E0560]: struct `Card` has no field named `damage`
[INFO] [stdout]    --> src/main.rs:118:21
[INFO] [stdout]     |
[INFO] [stdout] 118 |                     damage: 10,
[INFO] [stdout]     |                     ^^^^^^ `Card` does not have this field
[INFO] [stdout] 
[INFO] [stdout] 
[INFO] [stdout] error[E0560]: struct `Card` has no field named `price`
[INFO] [stdout]    --> src/main.rs:121:21
[INFO] [stdout]     |
[INFO] [stdout] 121 |                     price: 10,
[INFO] [stdout]     |                     ^^^^^ `Card` does not have this field
[INFO] [stdout] 
[INFO] [stdout] 
[INFO] [stdout] error[E0560]: struct `Card` has no field named `health`
[INFO] [stdout]    --> src/main.rs:122:21
[INFO] [stdout]     |
[INFO] [stdout] 122 |                     health: 10,
[INFO] [stdout]     |                     ^^^^^^ `Card` does not have this field
[INFO] [stdout] 
[INFO] [stdout] 
[INFO] [stdout] error[E0560]: struct `Card` has no field named `damage`
[INFO] [stdout]    --> src/main.rs:123:21
[INFO] [stdout]     |
[INFO] [stdout] 123 |                     damage: 10,
[INFO] [stdout]     |                     ^^^^^^ `Card` does not have this field
[INFO] [stdout] 
[INFO] [stdout] 
[INFO] [stdout] error[E0560]: struct `Card` has no field named `price`
[INFO] [stdout]    --> src/main.rs:126:21
[INFO] [stdout]     |
[INFO] [stdout] 126 |                     price: 10,
[INFO] [stdout]     |                     ^^^^^ `Card` does not have this field
[INFO] [stdout] 
[INFO] [stdout] 
[INFO] [stdout] error[E0560]: struct `Card` has no field named `health`
[INFO] [stdout]    --> src/main.rs:127:21
[INFO] [stdout]     |
[INFO] [stdout] 127 |                     health: 10,
[INFO] [stdout]     |                     ^^^^^^ `Card` does not have this field
[INFO] [stdout] 
[INFO] [stdout] 
[INFO] [stdout] error[E0560]: struct `Card` has no field named `damage`
[INFO] [stdout]    --> src/main.rs:128:21
[INFO] [stdout]     |
[INFO] [stdout] 128 |                     damage: 10,
[INFO] [stdout]     |                     ^^^^^^ `Card` does not have this field
[INFO] [stdout] 
[INFO] [stdout] 
[INFO] [stdout] error[E0609]: no field `cards` on type `Shop`
[INFO] [stdout]    --> src/main.rs:132:25
[INFO] [stdout]     |
[INFO] [stdout] 132 |         assert_eq!(shop.cards[0].health, 10);
[INFO] [stdout]     |                         ^^^^^ unknown field
[INFO] [stdout] 
[INFO] [stdout] 
[INFO] [stdout] error[E0560]: struct `Shop` has no field named `cards`
[INFO] [stdout]    --> src/main.rs:138:13
[INFO] [stdout]     |
[INFO] [stdout] 138 |             cards: [
[INFO] [stdout]     |             ^^^^^ `Shop` does not have this field
[INFO] [stdout] 
[INFO] [stdout] 
[INFO] [stdout] error[E0560]: struct `Card` has no field named `price`
[INFO] [stdout]    --> src/main.rs:140:21
[INFO] [stdout]     |
[INFO] [stdout] 140 |                     price: 12314,
[INFO] [stdout]     |                     ^^^^^ `Card` does not have this field
[INFO] [stdout] 
[INFO] [stdout] 
[INFO] [stdout] error[E0560]: struct `Card` has no field named `health`
[INFO] [stdout]    --> src/main.rs:141:21
[INFO] [stdout]     |
[INFO] [stdout] 141 |                     health: 0,
[INFO] [stdout]     |                     ^^^^^^ `Card` does not have this field
[INFO] [stdout] 
[INFO] [stdout] 
[INFO] [stdout] error[E0560]: struct `Card` has no field named `damage`
[INFO] [stdout]    --> src/main.rs:142:21
[INFO] [stdout]     |
[INFO] [stdout] 142 |                     damage: 0,
[INFO] [stdout]     |                     ^^^^^^ `Card` does not have this field
[INFO] [stdout] 
[INFO] [stdout] 
[INFO] [stdout] error[E0560]: struct `Card` has no field named `price`
[INFO] [stdout]    --> src/main.rs:145:21
[INFO] [stdout]     |
[INFO] [stdout] 145 |                     price: 1241,
[INFO] [stdout]     |                     ^^^^^ `Card` does not have this field
[INFO] [stdout] 
[INFO] [stdout] 
[INFO] [stdout] error[E0560]: struct `Card` has no field named `health`
[INFO] [stdout]    --> src/main.rs:146:21
[INFO] [stdout]     |
[INFO] [stdout] 146 |                     health: 0,
[INFO] [stdout]     |                     ^^^^^^ `Card` does not have this field
[INFO] [stdout] 
[INFO] [stdout] 
[INFO] [stdout] error[E0560]: struct `Card` has no field named `damage`
[INFO] [stdout]    --> src/main.rs:147:21
[INFO] [stdout]     |
[INFO] [stdout] 147 |                     damage: 0,
[INFO] [stdout]     |                     ^^^^^^ `Card` does not have this field
[INFO] [stdout] 
[INFO] [stdout] 
[INFO] [stdout] error[E0560]: struct `Card` has no field named `price`
[INFO] [stdout]    --> src/main.rs:150:21
[INFO] [stdout]     |
[INFO] [stdout] 150 |                     price: 312340,
[INFO] [stdout]     |                     ^^^^^ `Card` does not have this field
[INFO] [stdout] 
[INFO] [stdout] 
[INFO] [stdout] error[E0560]: struct `Card` has no field named `health`
[INFO] [stdout]    --> src/main.rs:151:21
[INFO] [stdout]     |
[INFO] [stdout] 151 |                     health: 0,
[INFO] [stdout]     |                     ^^^^^^ `Card` does not have this field
[INFO] [stdout] 
[INFO] [stdout] 
[INFO] [stdout] error[E0560]: struct `Card` has no field named `damage`
[INFO] [stdout]    --> src/main.rs:152:21
[INFO] [stdout]     |
[INFO] [stdout] 152 |                     damage: 0,
[INFO] [stdout]     |                     ^^^^^^ `Card` does not have this field
[INFO] [stdout] 
[INFO] [stdout] 
[INFO] [stdout] error[E0560]: struct `Shop` has no field named `cards`
[INFO] [stdout]    --> src/main.rs:162:13
[INFO] [stdout]     |
[INFO] [stdout] 162 |             cards: [
[INFO] [stdout]     |             ^^^^^ `Shop` does not have this field
[INFO] [stdout] 
[INFO] [stdout] 
[INFO] [stdout] error[E0560]: struct `Card` has no field named `price`
[INFO] [stdout]    --> src/main.rs:164:21
[INFO] [stdout]     |
[INFO] [stdout] 164 |                     price: 0,
[INFO] [stdout]     |                     ^^^^^ `Card` does not have this field
[INFO] [stdout] 
[INFO] [stdout] 
[INFO] [stdout] error[E0560]: struct `Card` has no field named `health`
[INFO] [stdout]    --> src/main.rs:165:21
[INFO] [stdout]     |
[INFO] [stdout] 165 |                     health: 0,
[INFO] [stdout]     |                     ^^^^^^ `Card` does not have this field
[INFO] [stdout] 
[INFO] [stdout] 
[INFO] [stdout] error[E0560]: struct `Card` has no field named `damage`
[INFO] [stdout]    --> src/main.rs:166:21
[INFO] [stdout]     |
[INFO] [stdout] 166 |                     damage: 12,
[INFO] [stdout]     |                     ^^^^^^ `Card` does not have this field
[INFO] [stdout] 
[INFO] [stdout] 
[INFO] [stdout] error[E0560]: struct `Card` has no field named `price`
[INFO] [stdout]    --> src/main.rs:169:21
[INFO] [stdout]     |
[INFO] [stdout] 169 |                     price: 0,
[INFO] [stdout]     |                     ^^^^^ `Card` does not have this field
[INFO] [stdout] 
[INFO] [stdout] 
[INFO] [stdout] error[E0560]: struct `Card` has no field named `health`
[INFO] [stdout]    --> src/main.rs:170:21
[INFO] [stdout]     |
[INFO] [stdout] 170 |                     health: 0,
[INFO] [stdout]     |                     ^^^^^^ `Card` does not have this field
[INFO] [stdout] 
[INFO] [stdout] 
[INFO] [stdout] error[E0560]: struct `Card` has no field named `damage`
[INFO] [stdout]    --> src/main.rs:171:21
[INFO] [stdout]     |
[INFO] [stdout] 171 |                     damage: 52,
[INFO] [stdout]     |                     ^^^^^^ `Card` does not have this field
[INFO] [stdout] 
[INFO] [stdout] 
[INFO] [stdout] error[E0560]: struct `Card` has no field named `price`
[INFO] [stdout]    --> src/main.rs:174:21
[INFO] [stdout]     |
[INFO] [stdout] 174 |                     price: 0,
[INFO] [stdout]     |                     ^^^^^ `Card` does not have this field
[INFO] [stdout] 
[INFO] [stdout] 
[INFO] [stdout] error[E0560]: struct `Card` has no field named `health`
[INFO] [stdout]    --> src/main.rs:175:21
[INFO] [stdout]     |
[INFO] [stdout] 175 |                     health: 0,
[INFO] [stdout]     |                     ^^^^^^ `Card` does not have this field
[INFO] [stdout] 
[INFO] [stdout] 
[INFO] [stdout] error[E0560]: struct `Card` has no field named `damage`
[INFO] [stdout]    --> src/main.rs:176:21
[INFO] [stdout]     |
[INFO] [stdout] 176 |                     damage: 21,
[INFO] [stdout]     |                     ^^^^^^ `Card` does not have this field
[INFO] [stdout] 
[INFO] [stdout] 
[INFO] [stdout] error[E0560]: struct `Shop` has no field named `cards`
[INFO] [stdout]    --> src/main.rs:186:13
[INFO] [stdout]     |
[INFO] [stdout] 186 |             cards: [
[INFO] [stdout]     |             ^^^^^ `Shop` does not have this field
[INFO] [stdout] 
[INFO] [stdout] 
[INFO] [stdout] error[E0560]: struct `Card` has no field named `price`
[INFO] [stdout]    --> src/main.rs:188:21
[INFO] [stdout]     |
[INFO] [stdout] 188 |                     price: 0,
[INFO] [stdout]     |                     ^^^^^ `Card` does not have this field
[INFO] [stdout] 
[INFO] [stdout] 
[INFO] [stdout] error[E0560]: struct `Card` has no field named `health`
[INFO] [stdout]    --> src/main.rs:189:21
[INFO] [stdout]     |
[INFO] [stdout] 189 |                     health: 24,
[INFO] [stdout]     |                     ^^^^^^ `Card` does not have this field
[INFO] [stdout] 
[INFO] [stdout] 
[INFO] [stdout] error[E0560]: struct `Card` has no field named `damage`
[INFO] [stdout]    --> src/main.rs:190:21
[INFO] [stdout]     |
[INFO] [stdout] 190 |                     damage: 0,
[INFO] [stdout]     |                     ^^^^^^ `Card` does not have this field
[INFO] [stdout] 
[INFO] [stdout] 
[INFO] [stdout] error[E0560]: struct `Card` has no field named `price`
[INFO] [stdout]    --> src/main.rs:193:21
[INFO] [stdout]     |
[INFO] [stdout] 193 |                     price: 0,
[INFO] [stdout]     |                     ^^^^^ `Card` does not have this field
[INFO] [stdout] 
[INFO] [stdout] 
[INFO] [stdout] error[E0560]: struct `Card` has no field named `health`
[INFO] [stdout]    --> src/main.rs:194:21
[INFO] [stdout]     |
[INFO] [stdout] 194 |                     health: 33,
[INFO] [stdout]     |                     ^^^^^^ `Card` does not have this field
[INFO] [stdout] 
[INFO] [stdout] 
[INFO] [stdout] error[E0560]: struct `Card` has no field named `damage`
[INFO] [stdout]    --> src/main.rs:195:21
[INFO] [stdout]     |
[INFO] [stdout] 195 |                     damage: 0,
[INFO] [stdout]     |                     ^^^^^^ `Card` does not have this field
[INFO] [stdout] 
[INFO] [stdout] 
[INFO] [stdout] error[E0560]: struct `Card` has no field named `price`
[INFO] [stdout]    --> src/main.rs:198:21
[INFO] [stdout]     |
[INFO] [stdout] 198 |                     price: 0,
[INFO] [stdout]     |                     ^^^^^ `Card` does not have this field
[INFO] [stdout] 
[INFO] [stdout] 
[INFO] [stdout] error[E0560]: struct `Card` has no field named `health`
[INFO] [stdout]    --> src/main.rs:199:21
[INFO] [stdout]     |
[INFO] [stdout] 199 |                     health: 74,
[INFO] [stdout]     |                     ^^^^^^ `Card` does not have this field
[INFO] [stdout] 
[INFO] [stdout] 
[INFO] [stdout] error[E0560]: struct `Card` has no field named `damage`
[INFO] [stdout]    --> src/main.rs:200:21
[INFO] [stdout]     |
[INFO] [stdout] 200 |                     damage: 0,
[INFO] [stdout]     |                     ^^^^^^ `Card` does not have this field
[INFO] [stdout] 
[INFO] [stdout] 
[INFO] [stdout] error: aborting due to 48 previous errors
[INFO] [stdout] 
[INFO] [stdout] 
[INFO] [stdout] Some errors have detailed explanations: E0425, E0560, E0609.
[INFO] [stdout] 
[INFO] [stdout] For more information about an error, try `rustc --explain E0425`.
[INFO] [stdout] 
[INFO] [stderr] error: could not compile `sor-lab-2` (bin "sor-lab-2" test) due to 49 previous errors
[INFO] running `Command { std: "docker" "inspect" "0b9bd364e104618ff832c03b29585077a4b85de8219a523c1ea1e0dc44b19c9f", kill_on_drop: false }`
[INFO] running `Command { std: "docker" "rm" "-f" "0b9bd364e104618ff832c03b29585077a4b85de8219a523c1ea1e0dc44b19c9f", kill_on_drop: false }`
[INFO] [stdout] 0b9bd364e104618ff832c03b29585077a4b85de8219a523c1ea1e0dc44b19c9f
